{"id":2892,"date":"2021-03-22T17:30:12","date_gmt":"2021-03-22T16:30:12","guid":{"rendered":"http:\/\/humanszolgaltatas.hu\/tinkturabt\/?page_id=2892"},"modified":"2021-03-22T17:31:49","modified_gmt":"2021-03-22T16:31:49","slug":"tajekoztato-a-felnottkepzest-kiegeszito-tevekenysegekrol-2","status":"publish","type":"page","link":"https:\/\/humanszolgaltatas.hu\/tinkturabt\/minosegbiztositas\/tajekoztato-a-felnottkepzest-kiegeszito-tevekenysegekrol-2\/","title":{"rendered":"T\u00e1j\u00e9koztat\u00f3 a feln\u0151ttk\u00e9pz\u00e9st kieg\u00e9sz\u00edt\u0151 tev\u00e9kenys\u00e9gekr\u0151l"},"content":{"rendered":"<p><strong>FELN\u0150TTK\u00c9PZ\u00c9ST KIEG\u00c9SZ\u00cdT\u0150 TEV\u00c9KENYS\u00c9GEINK<\/strong><\/p>\n<p><strong>\u00c1ltal\u00e1nos elvek:<\/strong><\/p>\n<p>A feln\u0151ttk\u00e9pz\u00e9si tev\u00e9kenys\u00e9ghez kapcsol\u00f3d\u00f3 szolg\u00e1ltat\u00e1s az a tev\u00e9kenys\u00e9g az Fktv. alapj\u00e1n, amely a feln\u0151ttk\u00e9pz\u00e9sben folytatott k\u00e9pz\u00e9sek egy\u00e9nre szabott kialak\u00edt\u00e1s\u00e1nak el\u0151seg\u00edt\u00e9s\u00e9re, a k\u00e9pz\u00e9s hat\u00e9konys\u00e1g\u00e1nak jav\u00edt\u00e1s\u00e1ra vagy a munkav\u00e1llal\u00e1s el\u0151seg\u00edt\u00e9s\u00e9re ir\u00e1nyul.<\/p>\n<p><strong>Kieg\u00e9sz\u00edt\u0151 tev\u00e9kenys\u00e9gek:<\/strong><\/p>\n<ul>\n<li>el\u0151zetes tud\u00e1s m\u00e9r\u00e9se, besz\u00e1m\u00edt\u00e1sa<\/li>\n<li>el\u0151zetesen megszerzett tud\u00e1s besz\u00e1m\u00edt\u00e1sa<\/li>\n<li>bementi kompetenciam\u00e9r\u00e9s<\/li>\n<li>k\u00e9pz\u00e9si sz\u00fcks\u00e9gletek felm\u00e9r\u00e9se,<\/li>\n<\/ul>\n<p>A feln\u0151ttk\u00e9pz\u00e9si szolg\u00e1ltat\u00e1sok bevezet\u00e9s\u00e9vel az egy\u00e9nt seg\u00edtj\u00fck bekapcsol\u00f3dni a k\u00e9pz\u00e9si folyamatba, t\u00e1mogatjuk foglalkoztat\u00e1st el\u0151seg\u00edt\u0151 k\u00e9pz\u00e9sben val\u00f3 eredm\u00e9nyes r\u00e9szv\u00e9tel\u00e9ben, illetve felk\u00e9sz\u00edtj\u00fck a munkaer\u0151piacon val\u00f3 sikeres szerepl\u00e9sre.<\/p>\n<p>A feln\u0151ttk\u00e9pz\u00e9si szolg\u00e1ltat\u00e1sok azt a c\u00e9lt szolg\u00e1lj\u00e1k, hogy az egy\u00e9n a munkaer\u0151piacon kedvez\u0151bb poz\u00edci\u00f3ba ker\u00fclj\u00f6n, illetve a rendelkez\u00e9sre \u00e1ll\u00f3 szolg\u00e1ltat\u00e1sok ig\u00e9nybev\u00e9tel\u00e9vel probl\u00e9m\u00e1i megold\u00e1s\u00e1hoz seg\u00edts\u00e9get kapjon. Ennek \u00e9rdek\u00e9ben int\u00e9zm\u00e9ny\u00fcnk ig\u00e9ny szerint biztos\u00edtja szolg\u00e1ltat\u00e1sait \u00e1ltal\u00e1ban a feln\u0151tteknek, illetve a k\u00e9pz\u00e9sben r\u00e9sztvev\u0151knek.<\/p>\n<ul>\n<li><strong><em>El\u0151zetes tud\u00e1s m\u00e9r\u00e9se, el\u0151zetesen megszerzett tud\u00e1s besz\u00e1m\u00edt\u00e1sa<\/em><\/strong><\/li>\n<\/ul>\n<p>Az el\u0151zetesen megszerzett tud\u00e1s felm\u00e9r\u00e9s\u00e9nek c\u00e9lja a jelentkez\u0151 kor\u00e1bban megszerzett ismereteinek, k\u00e9szs\u00e9geinek \u00e9s gyakorlati tapasztalatainak a megvizsg\u00e1l\u00e1sa \u00e9s \u00e9rt\u00e9kel\u00e9se, illetve ezek \u00f6sszevet\u00e9se a kiv\u00e1lasztott k\u00e9pz\u00e9s sor\u00e1n megszerezhet\u0151 kompetenci\u00e1kkal, k\u00e9pes-e a k\u00e9pz\u00e9s sor\u00e1n elsaj\u00e1t\u00edtand\u00f3 tananyagegys\u00e9gek k\u00f6vetelm\u00e9nyeinek teljes\u00edt\u00e9s\u00e9re, amelynek eredm\u00e9nyek\u00e9nt a k\u00f6vetelm\u00e9nyek megfelel\u0151 szint\u0171 teljes\u00edt\u00e9se eset\u00e9n a tananyagegys\u00e9g elsaj\u00e1t\u00edt\u00e1s\u00e1ra ir\u00e1nyul\u00f3 k\u00e9pz\u00e9si r\u00e9sz al\u00f3l a k\u00e9pz\u00e9sre jelentkez\u0151t fel kell menteni.<\/p>\n<p>Az el\u0151zetes tud\u00e1s besz\u00e1m\u00edt\u00e1sa az el\u0151z\u0151leg megszerzett k\u00e9pes\u00edt\u00e9s dokumentumaiban (diploma, leckek\u00f6nyv\u00ed) bizony\u00edthat\u00f3 ismeretek \u00e9s az adott k\u00e9pz\u00e9s \u00f6sszehasonl\u00edt\u00e1s\u00e1val \u00e9s annak elfogad\u00e1s\u00e1val is t\u00f6rt\u00e9nhet.<\/p>\n<p>A tud\u00e1s besz\u00e1m\u00edt\u00e1sa a tan\u00f3r\u00e1k l\u00e1togat\u00e1sa \u00e9s vizsg\u00e1k al\u00f3l felment\u00e9st adhat, a tanulm\u00e1nyid\u0151 r\u00f6vid\u00edt\u00e9s\u00e9t nem jelenti.<\/p>\n<p>A tanfolyamra jelentkez\u0151 a jelentkez\u00e9si lap megfelel\u0151 rovat\u00e1ban k\u00e9rheti, hogy egy bemeneti m\u00e9r\u00e9s eszk\u00f6z\u00e9vel m\u00e9rj\u00fck az el\u0151zetes tud\u00e1s szintj\u00e9t. Erre a \u00a0k\u00e9pz\u00e9s els\u0151 \u00f3r\u00e1iban ker\u00fcl sor, sz\u00f3beli, n\u00e9ha \u00edr\u00e1sbeli munk\u00e1val ill. az oktat\u00e1si dokumentumokban tal\u00e1lhat\u00f3 tanulm\u00e1nyi eredm\u00e9nyek besz\u00e1m\u00edt\u00e1s\u00e1val . A felm\u00e9r\u00e9st a feln\u0151ttk\u00e9pz\u0151 vezet\u0151je vagy az oktat\u00f3 v\u00e9gzi.<\/p>\n<p>Az eredm\u00e9nyt\u0151l f\u00fcgg\u0151en \u00e9s a k\u00e9pz\u00e9s egy\u00e9b felt\u00e9teleinek figyelembe v\u00e9tel\u00e9vel a jelentkez\u0151 felment\u00e9st kaphat a tanfolyam egyes r\u00e9szeinek l\u00e1togat\u00e1sa al\u00f3l.<\/p>\n<p>&nbsp;<\/p>\n<p>&nbsp;<\/p>\n<ul>\n<li><strong><em>Bemeneti kompetenciam\u00e9r\u00e9s<\/em><\/strong><\/li>\n<\/ul>\n<p><strong><em>\u00a0<\/em><\/strong><\/p>\n<p>A k\u00e9pz\u00e9s megkezd\u00e9s\u00e9hez sz\u00fcks\u00e9ges kompetenci\u00e1val val\u00f3 rendelkez\u00e9st igazol\u00f3 dokumentum hi\u00e1nya eset\u00e9n annak felm\u00e9r\u00e9se, hogy a k\u00e9pz\u00e9sre jelentkez\u0151 birtok\u00e1ban van-e azoknak a kompetenci\u00e1knak, amelyek a k\u00e9pz\u00e9s megkezd\u00e9s\u00e9hez \u00e9s annak sikeres elv\u00e9gz\u00e9s\u00e9hez felt\u00e9tlen\u00fcl sz\u00fcks\u00e9gesek. Amennyiben igen a k\u00e9pz\u00e9sre jelentkez\u0151 bekapcsol\u00f3dhat a k\u00e9pz\u00e9sbe.<\/p>\n<p>A bemeneti kompetenciam\u00e9r\u00e9st a k\u00e9pz\u00e9s megkezd\u00e9se el\u0151tt a feln\u0151ttk\u00e9pz\u0151 vezet\u0151je vagy az oktat\u00f3 v\u00e9gzi.<\/p>\n<p>A szolg\u00e1ltat\u00e1s t\u00e9r\u00edt\u00e9smentes<\/p>\n<p><strong>\u00a0<\/strong><strong>\u00a0<\/strong><\/p>\n<p>&nbsp;<\/p>\n<p><strong><em>MENT\u00c1LHIGI\u00c9N\u00c9S SZOLG\u00c1LTAT\u00c1SOK\u00a0\u00a0\u00a0 (Szolg\u00e1ltat\u00e1sok \u201eF\u00dcL\u201d al\u00e1)<\/em><\/strong><\/p>\n<p><strong>FELN\u0150TTK\u00c9PZ\u00c9SI TEV\u00c9KENYS\u00c9GHEZ KAPCSOL\u00d3D\u00d3 INGYENES SZOLG\u00c1LTAT\u00c1SOK<\/strong><\/p>\n<ul>\n<li><strong><em>K\u00e9pz\u00e9si sz\u00fcks\u00e9gletek felm\u00e9r\u00e9se \u00e9s feln\u0151ttk\u00e9pz\u00e9si tan\u00e1csad\u00e1s<\/em><\/strong><\/li>\n<\/ul>\n<p>Ezt a szolg\u00e1ltat\u00e1st a tanul\u00e1s ir\u00e1nt \u00e9rdekl\u0151d\u0151 akkor veheti ig\u00e9nybe, ha arra k\u00edv\u00e1ncsi, hogy sz\u00e1m\u00e1ra mely k\u00e9pz\u00e9sek felelhetnek meg az \u0151 szem\u00e9lyes el\u0151k\u00e9pzetts\u00e9ge, kor\u00e1bban megszerzett szakmai tapasztalatai, egy\u00e9ni \u00e9lethelyzete, \u00e9rdekl\u0151d\u00e9se \u00e9s munkaer\u0151-piaci helyzete alapj\u00e1n.<\/p>\n<p>A tan\u00e1csad\u00e1si folyamat egy\u00e9nre szabott, a jelentkez\u0151nek m\u00f3dja ny\u00edlik megismerni a sz\u00e1m\u00e1ra megfelel\u0151 tanfolyamokat, az azokon megszerezhet\u0151 kompetenci\u00e1kat \u00e9s szakk\u00e9pes\u00edt\u00e9seket.<\/p>\n<p>A k\u00e9pz\u00e9si tan\u00e1csad\u00e1s szolg\u00e1ltat\u00e1st jelentkez\u00e9si lap megfelel\u0151 rovat\u00e1ban k\u00e9rheti.<\/p>\n<p>A tan\u00e1csad\u00e1st a feln\u0151ttk\u00e9pz\u0151 vezet\u0151je v\u00e9gzi.<\/p>\n<ul>\n<li><strong><em>Elhelyezked\u00e9si tan\u00e1csad\u00e1s <\/em><\/strong><\/li>\n<\/ul>\n<p>A szolg\u00e1ltat\u00e1s c\u00e9lja, hogy az ig\u00e9nybe vev\u0151 k\u00e9s\u0151bb egy olyan j\u00f6v\u0151k\u00e9p, p\u00e1lyaterv kialak\u00edt\u00e1s\u00e1ra legyen k\u00e9pes, amely \u00e9rdekl\u0151d\u00e9s\u00e9nek, k\u00e9pess\u00e9g\u00e9nek \u00e9s szem\u00e9lyis\u00e9g\u00e9nek megfelel. Megrendez\u00e9s\u00e9re R\u00e9sztvev\u0151i ig\u00e9ny szerint ker\u00fcl sor.<\/p>\n<ul>\n<li><strong><em>P\u00e1lyaorient\u00e1ci\u00f3s tan\u00e1csad\u00e1s <\/em><\/strong><\/li>\n<\/ul>\n<p>Ezt a szolg\u00e1ltat\u00e1sunkat azoknak a partnereinknek aj\u00e1nljuk akik k\u00fcl\u00f6nb\u00f6z\u0151 okok miatt \u2013 a szakmav\u00e1laszt\u00e1sban \u2013 nehezen d\u00f6ntenek vagy d\u00f6nteni k\u00e9ptelenek. Nekik szeretn\u00e9nk seg\u00edteni\u00a0 annak a szakm\u00e1nak vagy foglalkoz\u00e1si ir\u00e1nynak a felkutat\u00e1s\u00e1ban, amely szem\u00e9ly\u00fckh\u00f6z, tud\u00e1sukhoz, egy\u00e9ni ig\u00e9nyeikhez a legjobban illeszkedik.<\/p>\n<p>Int\u00e9zm\u00e9ny\u00fcnkben a p\u00e1lyaorient\u00e1ci\u00f3 egyfel\u0151l r\u00e9sze a k\u00e9pz\u00e9snek \u2013 \u00e9rdekl\u0151d\u00fcnk partnereink k\u00e9pess\u00e9geir\u0151l, elhivatotts\u00e1gukr\u00f3l, esetleges tov\u00e1bbtanul\u00e1si sz\u00e1nd\u00e9kukr\u00f3l \u2013 m\u00e1sfel\u0151l, mint \u00f6n\u00e1ll\u00f3 tev\u00e9kenys\u00e9g is megjelenik. Ez esetben r\u00e9szletesebben sz\u00f3lunk a szakmai k\u00f6vetelm\u00e9nyekr\u0151l, magatart\u00e1si mint\u00e1kr\u00f3l, viselked\u00e9sr\u0151l illetve igyeksz\u00fcnk min\u00e9l t\u00f6bb inform\u00e1ci\u00f3t adni a v\u00e1lasztott szakm\u00e1r\u00f3l, annak el\u0151nyeir\u0151l \u00e9s h\u00e1tr\u00e1nyair\u00f3l.<\/p>\n<ul>\n<li><strong><em>P\u00e1lyakorrekci\u00f3s tan\u00e1csad\u00e1s <\/em><\/strong><\/li>\n<\/ul>\n<p>Ezt a szolg\u00e1ltat\u00e1sunkat azoknak a partnereinknek aj\u00e1nljuk akik az eredeti szakm\u00e1jukat k\u00fcl\u00f6nb\u00f6z\u0151 okok miatt nem folytatj\u00e1k. Ezzel a szolg\u00e1ltat\u00e1sunkkal olyan \u00faj p\u00e1lya kiv\u00e1laszt\u00e1s\u00e1ban szeretn\u00e9nk seg\u00edteni, amely \u00e9rdekl\u0151d\u00e9s\u00fcknek, v\u00e9gzetts\u00e9g\u00fcknek, k\u00e9pess\u00e9geiknek, adotts\u00e1gaiknak megfelelnek. A kiv\u00e1laszt\u00e1skor tekintettel vagyunk az elhelyezked\u00e9si lehet\u0151s\u00e9gekre.<\/p>\n<p>A felm\u00e9r\u00e9st v\u00e1ltoz\u00f3an, sz\u00f3ban illetve \u00edr\u00e1sban tessz\u00fck meg. A felm\u00e9r\u00e9s eredm\u00e9nyek\u00e9nt a r\u00e9szvev\u0151 sz\u00e1m\u00e1ra egy konkr\u00e9t szakma, szakmacsoport vagy foglalkoz\u00e1si ir\u00e1ny jelenik meg.<\/p>\n<ul>\n<li><strong><em>\u00c1ll\u00e1skeres\u00e9si tan\u00e1csad\u00e1s<\/em><\/strong><\/li>\n<\/ul>\n<p><strong><em>\u00a0<\/em><\/strong><\/p>\n<p>A tr\u00e9ningre vonatkoz\u00f3 ig\u00e9ny\u00e9t a k\u00e9pz\u00e9sre jelentkez\u0151 a jelentkez\u00e9si lapon r\u00f6gz\u00edtheti.<\/p>\n<p>Az elhelyezked\u00e9si tan\u00e1csad\u00e1s sor\u00e1n seg\u00edtj\u00fck a tan\u00e1csot-k\u00e9r\u0151t \u00f6nmaga megismer\u00e9s\u00e9ben, \u00e9rdekl\u0151d\u00e9s\u00e9nek, amb\u00edci\u00f3inak k\u00e9pess\u00e9geinek felt\u00e1r\u00e1s\u00e1ban. Megadjuk azokat az inform\u00e1ci\u00f3kat, amelyek el\u0151seg\u00edtik az egy\u00e9n karrierc\u00e9ljainak megval\u00f3s\u00edt\u00e1s\u00e1t, a megfelel\u0151<br \/>\nmunkahelyv\u00e1laszt\u00e1st. T\u00f6reksz\u00fcnk behat\u00e1rolni a val\u00f3s \u00e9s potenci\u00e1lis munkalehet\u0151s\u00e9geket, munkahelyeket, amelyek r\u00e9szt vev\u0151 j\u00f6v\u0151je szempontj\u00e1b\u00f3l fontosak lehetnek.<\/p>\n<p>Az elhelyezked\u00e9si tan\u00e1csad\u00e1st az ig\u00e9nyek felm\u00e9r\u00e9se alapj\u00e1n a feln\u0151ttk\u00e9pz\u0151 vezet\u0151je vagy az \u00e1ltala megb\u00edzott oktat\u00f3 ny\u00fajtja a k\u00e9pz\u00e9s befejez\u00e9s\u00e9t megel\u0151z\u0151en.<\/p>\n<ul>\n<li><em>Ment\u00e1lhigi\u00e9n\u00e9s tan\u00e1csad\u00e1s<\/em><\/li>\n<\/ul>\n<p>A tan\u00e1csad\u00e1sra vonatkoz\u00f3 ig\u00e9nyt a k\u00e9pz\u00e9sre jelentkez\u0151 \u2013 a jelentkez\u00e9si lapon r\u00f6gz\u00edtheti, a k\u00e9pz\u00e9sben r\u00e9szt vev\u0151 pedig a k\u00e9pz\u00e9s sor\u00e1n felmer\u00fcl\u0151 ig\u00e9ny\u00e9t a feln\u0151ttk\u00e9pz\u0151 vezet\u0151j\u00e9nek kell \u00edr\u00e1sban jelzi.<\/p>\n<p>A ment\u00e1lhigi\u00e9n\u00e9s tan\u00e1csad\u00e1s c\u00e9lja az eg\u00e9szs\u00e9ges lelki \u00e9let kialak\u00edt\u00e1sa \u00e9s megtart\u00e1sa. A ment\u00e1lhigi\u00e9n\u00e9s szakember seg\u00edts\u00e9gk\u00e9nt mobiliz\u00e1lja a szem\u00e9ly (kliens) saj\u00e1t lelki er\u0151forr\u00e1sait. A kliens \u00e9s a tan\u00e1csad\u00f3 (seg\u00edt\u0151) egy\u00fctt t\u0171zi ki a c\u00e9lt, a tan\u00e1csad\u00f3 k\u00e9rd\u00e9seivel, illetve rendelkez\u00e9s\u00e9re \u00e1ll\u00f3 speci\u00e1lis m\u00f3dszerekkel seg\u00edti, k\u00eds\u00e9ri a klienst az \u00faton. A tan\u00e1csad\u00e1s jellemz\u0151en tart\u00f3s v\u00e1ltoz\u00e1st eredm\u00e9nyez\u0151 hosszabb folyamat.<\/p>\n<p>A tan\u00e1csad\u00e1st a feln\u0151ttk\u00e9pz\u0151 vezet\u0151je v\u00e9gzi.<\/p>\n<p><strong><em>\u00a0<\/em><\/strong><\/p>\n<ul>\n<li><strong><em>Tanul\u00e1stechnikai tan\u00e1csad\u00e1s<\/em><\/strong><\/li>\n<\/ul>\n<p>A k\u00e9pz\u00e9sre jelentkez\u0151 tan\u00e1csad\u00e1sra vonatkoz\u00f3 ig\u00e9ny\u00e9t a jelentkez\u00e9si lapon, a k\u00e9pz\u00e9sben m\u00e1r r\u00e9sztvev\u0151 is \u00edr\u00e1sban jelenti a feln\u0151ttk\u00e9pz\u0151 vezet\u0151j\u00e9nek.<\/p>\n<p>Tanul\u00e1stechnikai tan\u00e1csad\u00e1s c\u00e9lja, hogy az ig\u00e9nyl\u0151 seg\u00edts\u00e9get kapjon tanul\u00e1si m\u00f3dszereinek b\u0151v\u00edt\u00e9s\u00e9ben, t\u00e1mogat\u00e1st nyerjen az egy\u00e9ni tanul\u00e1si strat\u00e9gi\u00e1ja kialak\u00edt\u00e1s\u00e1ban.<\/p>\n<p>A tan\u00e1csad\u00e1s t\u00f6rt\u00e9nhet egy\u00e9ni vagy csoportos form\u00e1ban, az ig\u00e9nyl\u0151\/ig\u00e9nyl\u0151k k\u00e9r\u00e9s\u00e9nek megfelel\u0151en. A tan\u00e1csad\u00e1s \u00e9rinti a<\/p>\n<ul>\n<li>tanul\u00e1st befoly\u00e1sol\u00f3 k\u00fcls\u0151, bels\u0151 \u00e9s lelki (k\u00e9pess\u00e9gek, k\u00e9szs\u00e9gek, motiv\u00e1ci\u00f3, \u00e9rdekl\u0151d\u00e9s, elv\u00e1r\u00e1sok) t\u00e9nyez\u0151ket,<\/li>\n<li>a tanul\u00e1si m\u00f3dszerek, eszk\u00f6z\u00f6k szerep\u00e9t a hat\u00e9kony tanul\u00e1sban,<\/li>\n<li>az \u00edr\u00e1s, olvas\u00e1s, sz\u00f6veg\u00e9rt\u00e9s, elemz\u00e9s, visszaad\u00e1s probl\u00e9m\u00e1it, az egyes k\u00e9szs\u00e9gek fejleszt\u00e9s\u00e9t,<\/li>\n<li>a modern technikai eszk\u00f6z\u00f6k tanul\u00e1shoz val\u00f3 haszn\u00e1lat\u00e1nak el\u0151nyeit, vesz\u00e9lyeit,<\/li>\n<li>a saj\u00e1t\u00e9lm\u00e9ny\u0171 tanul\u00e1s, a a terepen val\u00f3 szakmai tanul\u00e1s t\u00e9mak\u00f6r\u00e9t valamint a<\/li>\n<li>vizsgadrukkot \u00e9s kezel\u00e9s\u00e9t.<\/li>\n<\/ul>\n<p>Az egy\u00e9ni ig\u00e9nyek megbesz\u00e9l\u00e9sre is lehet\u0151s\u00e9get biztos\u00edt a tan\u00e1csad\u00e1s.<\/p>\n<p>&nbsp;<\/p>\n<p><strong><em>VALAMENNYI SZOLG\u00c1LTAT\u00c1SUNK INGYENESEN KAPCSOL\u00d3DIK A K\u00c9PZ\u00c9SEKHEZ, A PARTNER, A JELENTKEZ\u0150 IG\u00c9NYEIHEZ IGAZODVA.<\/em><\/strong><\/p>\n","protected":false},"excerpt":{"rendered":"<p>FELN\u0150TTK\u00c9PZ\u00c9ST KIEG\u00c9SZ\u00cdT\u0150 TEV\u00c9KENYS\u00c9GEINK \u00c1ltal\u00e1nos elvek: A feln\u0151ttk\u00e9pz\u00e9si tev\u00e9kenys\u00e9ghez kapcsol\u00f3d\u00f3 szolg\u00e1ltat\u00e1s az a tev\u00e9kenys\u00e9g az Fktv. alapj\u00e1n, amely a feln\u0151ttk\u00e9pz\u00e9sben folytatott &hellip;<\/p>\n","protected":false},"author":1,"featured_media":0,"parent":56,"menu_order":0,"comment_status":"closed","ping_status":"closed","template":"left-sidebar-page.php","meta":{"footnotes":""},"class_list":["post-2892","page","type-page","status-publish","hentry"],"_links":{"self":[{"href":"https:\/\/humanszolgaltatas.hu\/tinkturabt\/wp-json\/wp\/v2\/pages\/2892","targetHints":{"allow":["GET"]}}],"collection":[{"href":"https:\/\/humanszolgaltatas.hu\/tinkturabt\/wp-json\/wp\/v2\/pages"}],"about":[{"href":"https:\/\/humanszolgaltatas.hu\/tinkturabt\/wp-json\/wp\/v2\/types\/page"}],"author":[{"embeddable":true,"href":"https:\/\/humanszolgaltatas.hu\/tinkturabt\/wp-json\/wp\/v2\/users\/1"}],"replies":[{"embeddable":true,"href":"https:\/\/humanszolgaltatas.hu\/tinkturabt\/wp-json\/wp\/v2\/comments?post=2892"}],"version-history":[{"count":0,"href":"https:\/\/humanszolgaltatas.hu\/tinkturabt\/wp-json\/wp\/v2\/pages\/2892\/revisions"}],"up":[{"embeddable":true,"href":"https:\/\/humanszolgaltatas.hu\/tinkturabt\/wp-json\/wp\/v2\/pages\/56"}],"wp:attachment":[{"href":"https:\/\/humanszolgaltatas.hu\/tinkturabt\/wp-json\/wp\/v2\/media?parent=2892"}],"curies":[{"name":"wp","href":"https:\/\/api.w.org\/{rel}","templated":true}]}}